{"id":96,"date":"2025-01-10T10:45:12","date_gmt":"2025-01-10T13:45:12","guid":{"rendered":"https:\/\/www.pwg.com.br\/?page_id=96"},"modified":"2025-01-10T10:46:38","modified_gmt":"2025-01-10T13:46:38","slug":"quem-somos","status":"publish","type":"page","link":"https:\/\/pwg.com.br\/index.php\/quem-somos\/","title":{"rendered":"Quem Somos"},"content":{"rendered":"\n<div class=\"wp-block-group alignfull has-global-padding is-layout-constrained wp-container-core-group-is-layout-490fa1db wp-block-group-is-layout-constrained\" style=\"padding-top:var(--wp--preset--spacing--50);padding-right:var(--wp--preset--spacing--50);padding-bottom:var(--wp--preset--spacing--50);padding-left:var(--wp--preset--spacing--50)\">\n<div class=\"wp-block-group has-global-padding is-layout-constrained wp-container-core-group-is-layout-650790e1 wp-block-group-is-layout-constrained\">\n<div style=\"height:1.25rem\" aria-hidden=\"true\" class=\"wp-block-spacer\"><\/div>\n<\/div>\n\n\n\n<p>A PWG \u00e9 uma empresa especializada em solu\u00e7\u00f5es de T.I. e marketing digital. <br><\/p>\n\n\n\n<p>Desde a nossa funda\u00e7\u00e3o, buscamos oferecer servi\u00e7os de qualidade, alinhados \u00e0s necessidades espec\u00edficas de cada cliente. Contamos com uma equipe multidisciplinar de profissionais experientes, comprometida em entregar resultados que impulsionem o crescimento dos neg\u00f3cios.<\/p>\n\n\n\n<p>Nossa miss\u00e3o \u00e9 fornecer solu\u00e7\u00f5es que tragam a satisfa\u00e7\u00e3o dos nossos usu\u00e1rios, construindo parcerias de longo prazo. Valorizamos a inova\u00e7\u00e3o, a transpar\u00eancia e a excel\u00eancia em cada projeto, sempre atentos \u00e0s tend\u00eancias de mercado e \u00e0s demandas espec\u00edficas de cada segmento.<\/p>\n\n\n\n<p>Se voc\u00ea deseja conhecer mais sobre como podemos contribuir para o sucesso do seu neg\u00f3cio, entre em contato conosco. Ser\u00e1 um prazer ajud\u00e1-lo!<\/p>\n<\/div>\n","protected":false},"excerpt":{"rendered":"<p>A PWG \u00e9 uma empresa especializada em solu\u00e7\u00f5es de T.I. e marketing digital. Desde a nossa funda\u00e7\u00e3o, buscamos oferecer servi\u00e7os de qualidade, alinhados \u00e0s necessidades espec\u00edficas de cada cliente. Contamos com uma equipe multidisciplinar de profissionais experientes, comprometida em entregar resultados que impulsionem o crescimento dos neg\u00f3cios. Nossa miss\u00e3o \u00e9 fornecer solu\u00e7\u00f5es que tragam a [&hellip;]<\/p>\n","protected":false},"author":1,"featured_media":0,"parent":0,"menu_order":0,"comment_status":"closed","ping_status":"closed","template":"","meta":{"footnotes":""},"class_list":["post-96","page","type-page","status-publish","hentry"],"yoast_head":"<!-- This site is optimized with the Yoast SEO plugin v24.4 - https:\/\/yoast.com\/wordpress\/plugins\/seo\/ -->\n<title>Quem Somos - PWG<\/title>\n<meta name=\"robots\" content=\"index, follow, max-snippet:-1, max-image-preview:large, max-video-preview:-1\" \/>\n<link rel=\"canonical\" href=\"https:\/\/pwg.com.br\/index.php\/quem-somos\/\" \/>\n<meta property=\"og:locale\" content=\"pt_BR\" \/>\n<meta property=\"og:type\" content=\"article\" \/>\n<meta property=\"og:title\" content=\"Quem Somos - PWG\" \/>\n<meta property=\"og:description\" content=\"A PWG \u00e9 uma empresa especializada em solu\u00e7\u00f5es de T.I. e marketing digital. Desde a nossa funda\u00e7\u00e3o, buscamos oferecer servi\u00e7os de qualidade, alinhados \u00e0s necessidades espec\u00edficas de cada cliente. Contamos com uma equipe multidisciplinar de profissionais experientes, comprometida em entregar resultados que impulsionem o crescimento dos neg\u00f3cios. Nossa miss\u00e3o \u00e9 fornecer solu\u00e7\u00f5es que tragam a [&hellip;]\" \/>\n<meta property=\"og:url\" content=\"https:\/\/pwg.com.br\/index.php\/quem-somos\/\" \/>\n<meta property=\"og:site_name\" content=\"PWG\" \/>\n<meta property=\"article:modified_time\" content=\"2025-01-10T13:46:38+00:00\" \/>\n<meta name=\"twitter:card\" content=\"summary_large_image\" \/>\n<meta name=\"twitter:label1\" content=\"Est. tempo de leitura\" \/>\n\t<meta name=\"twitter:data1\" content=\"1 minuto\" \/>\n<script type=\"application\/ld+json\" class=\"yoast-schema-graph\">{\"@context\":\"https:\/\/schema.org\",\"@graph\":[{\"@type\":\"WebPage\",\"@id\":\"https:\/\/pwg.com.br\/index.php\/quem-somos\/\",\"url\":\"https:\/\/pwg.com.br\/index.php\/quem-somos\/\",\"name\":\"Quem Somos - PWG\",\"isPartOf\":{\"@id\":\"https:\/\/pwg.com.br\/#website\"},\"datePublished\":\"2025-01-10T13:45:12+00:00\",\"dateModified\":\"2025-01-10T13:46:38+00:00\",\"breadcrumb\":{\"@id\":\"https:\/\/pwg.com.br\/index.php\/quem-somos\/#breadcrumb\"},\"inLanguage\":\"pt-BR\",\"potentialAction\":[{\"@type\":\"ReadAction\",\"target\":[\"https:\/\/pwg.com.br\/index.php\/quem-somos\/\"]}]},{\"@type\":\"BreadcrumbList\",\"@id\":\"https:\/\/pwg.com.br\/index.php\/quem-somos\/#breadcrumb\",\"itemListElement\":[{\"@type\":\"ListItem\",\"position\":1,\"name\":\"In\u00edcio\",\"item\":\"https:\/\/pwg.com.br\/\"},{\"@type\":\"ListItem\",\"position\":2,\"name\":\"Quem Somos\"}]},{\"@type\":\"WebSite\",\"@id\":\"https:\/\/pwg.com.br\/#website\",\"url\":\"https:\/\/pwg.com.br\/\",\"name\":\"PWG\",\"description\":\"PWG - Powering Growth \u00e9 um projeto para facilitar o acesso a dados j\u00e1 publicados pelo governo\",\"publisher\":{\"@id\":\"https:\/\/pwg.com.br\/#organization\"},\"potentialAction\":[{\"@type\":\"SearchAction\",\"target\":{\"@type\":\"EntryPoint\",\"urlTemplate\":\"https:\/\/pwg.com.br\/?s={search_term_string}\"},\"query-input\":{\"@type\":\"PropertyValueSpecification\",\"valueRequired\":true,\"valueName\":\"search_term_string\"}}],\"inLanguage\":\"pt-BR\"},{\"@type\":\"Organization\",\"@id\":\"https:\/\/pwg.com.br\/#organization\",\"name\":\"PWG\",\"url\":\"https:\/\/pwg.com.br\/\",\"logo\":{\"@type\":\"ImageObject\",\"inLanguage\":\"pt-BR\",\"@id\":\"https:\/\/pwg.com.br\/#\/schema\/logo\/image\/\",\"url\":\"https:\/\/www.pwg.com.br\/wp-content\/uploads\/2024\/04\/logo1.jpg\",\"contentUrl\":\"https:\/\/www.pwg.com.br\/wp-content\/uploads\/2024\/04\/logo1.jpg\",\"width\":420,\"height\":200,\"caption\":\"PWG\"},\"image\":{\"@id\":\"https:\/\/pwg.com.br\/#\/schema\/logo\/image\/\"},\"sameAs\":[\"https:\/\/www.instagram.com\/pwg.com.br\/\"]}]}<\/script>\n<!-- \/ Yoast SEO plugin. -->","yoast_head_json":{"title":"Quem Somos - PWG","robots":{"index":"index","follow":"follow","max-snippet":"max-snippet:-1","max-image-preview":"max-image-preview:large","max-video-preview":"max-video-preview:-1"},"canonical":"https:\/\/pwg.com.br\/index.php\/quem-somos\/","og_locale":"pt_BR","og_type":"article","og_title":"Quem Somos - PWG","og_description":"A PWG \u00e9 uma empresa especializada em solu\u00e7\u00f5es de T.I. e marketing digital. Desde a nossa funda\u00e7\u00e3o, buscamos oferecer servi\u00e7os de qualidade, alinhados \u00e0s necessidades espec\u00edficas de cada cliente. Contamos com uma equipe multidisciplinar de profissionais experientes, comprometida em entregar resultados que impulsionem o crescimento dos neg\u00f3cios. Nossa miss\u00e3o \u00e9 fornecer solu\u00e7\u00f5es que tragam a [&hellip;]","og_url":"https:\/\/pwg.com.br\/index.php\/quem-somos\/","og_site_name":"PWG","article_modified_time":"2025-01-10T13:46:38+00:00","twitter_card":"summary_large_image","twitter_misc":{"Est. tempo de leitura":"1 minuto"},"schema":{"@context":"https:\/\/schema.org","@graph":[{"@type":"WebPage","@id":"https:\/\/pwg.com.br\/index.php\/quem-somos\/","url":"https:\/\/pwg.com.br\/index.php\/quem-somos\/","name":"Quem Somos - PWG","isPartOf":{"@id":"https:\/\/pwg.com.br\/#website"},"datePublished":"2025-01-10T13:45:12+00:00","dateModified":"2025-01-10T13:46:38+00:00","breadcrumb":{"@id":"https:\/\/pwg.com.br\/index.php\/quem-somos\/#breadcrumb"},"inLanguage":"pt-BR","potentialAction":[{"@type":"ReadAction","target":["https:\/\/pwg.com.br\/index.php\/quem-somos\/"]}]},{"@type":"BreadcrumbList","@id":"https:\/\/pwg.com.br\/index.php\/quem-somos\/#breadcrumb","itemListElement":[{"@type":"ListItem","position":1,"name":"In\u00edcio","item":"https:\/\/pwg.com.br\/"},{"@type":"ListItem","position":2,"name":"Quem Somos"}]},{"@type":"WebSite","@id":"https:\/\/pwg.com.br\/#website","url":"https:\/\/pwg.com.br\/","name":"PWG","description":"PWG - Powering Growth \u00e9 um projeto para facilitar o acesso a dados j\u00e1 publicados pelo governo","publisher":{"@id":"https:\/\/pwg.com.br\/#organization"},"potentialAction":[{"@type":"SearchAction","target":{"@type":"EntryPoint","urlTemplate":"https:\/\/pwg.com.br\/?s={search_term_string}"},"query-input":{"@type":"PropertyValueSpecification","valueRequired":true,"valueName":"search_term_string"}}],"inLanguage":"pt-BR"},{"@type":"Organization","@id":"https:\/\/pwg.com.br\/#organization","name":"PWG","url":"https:\/\/pwg.com.br\/","logo":{"@type":"ImageObject","inLanguage":"pt-BR","@id":"https:\/\/pwg.com.br\/#\/schema\/logo\/image\/","url":"https:\/\/www.pwg.com.br\/wp-content\/uploads\/2024\/04\/logo1.jpg","contentUrl":"https:\/\/www.pwg.com.br\/wp-content\/uploads\/2024\/04\/logo1.jpg","width":420,"height":200,"caption":"PWG"},"image":{"@id":"https:\/\/pwg.com.br\/#\/schema\/logo\/image\/"},"sameAs":["https:\/\/www.instagram.com\/pwg.com.br\/"]}]}},"_links":{"self":[{"href":"https:\/\/pwg.com.br\/index.php\/wp-json\/wp\/v2\/pages\/96","targetHints":{"allow":["GET"]}}],"collection":[{"href":"https:\/\/pwg.com.br\/index.php\/wp-json\/wp\/v2\/pages"}],"about":[{"href":"https:\/\/pwg.com.br\/index.php\/wp-json\/wp\/v2\/types\/page"}],"author":[{"embeddable":true,"href":"https:\/\/pwg.com.br\/index.php\/wp-json\/wp\/v2\/users\/1"}],"replies":[{"embeddable":true,"href":"https:\/\/pwg.com.br\/index.php\/wp-json\/wp\/v2\/comments?post=96"}],"version-history":[{"count":2,"href":"https:\/\/pwg.com.br\/index.php\/wp-json\/wp\/v2\/pages\/96\/revisions"}],"predecessor-version":[{"id":98,"href":"https:\/\/pwg.com.br\/index.php\/wp-json\/wp\/v2\/pages\/96\/revisions\/98"}],"wp:attachment":[{"href":"https:\/\/pwg.com.br\/index.php\/wp-json\/wp\/v2\/media?parent=96"}],"curies":[{"name":"wp","href":"https:\/\/api.w.org\/{rel}","templated":true}]}}